ative of q**5/60 - q**4/8 + q**3/6 - q**2. Determine g(f).
19
Let h(n) = -n**2 - n - 1. Let a(k) = -6*k**3 - 6*k**2 - 4*k - 6. Let i(c) = -a(c) + 5*h(c). Let g be 2 + ((-6)/(-12))/((-3)/6). Calculate i(g).
7
Let c(w) be the second derivative of -w**5/20 - w**4/12 - w**3/6 + w**2 + 203*w. Determine c(-2).
8
Let o = 25 - 22. Let c(j) = -2*j + 8. What is c(o)?
2
Let q(c) be the first derivative of c**7/840 + c**6/90 + c**5/24 + c**4/12 + 4*c**3/3 + 8. Let w(f) be the third derivative of q(f). What is w(-4)?
-18
Let s(t) = 2*t**2 + 2. Suppose 1 = 5*c + u - 1, 4 = -c + 2*u. Suppose -6 = -3*f + 3*p, c - 3 = 3*p. Let h be f/3 + 63/(-27). Give s(h).
10
Let u(l) = l**2 + 6*l + 3. Let x be u(-4). Let c(m) = -6*m + 29*m**2 - 21*m**2 + 5 - 9*m**2. Give c(x).
10
Let q(x) be the second derivative of x**6/360 - x**5/30 + x**4/6 + 2*x**3/3 + 13*x. Let u(f) be the second derivative of q(f). What is u(5)?
9
Let o(m) = 7*m**2 - 14*m**2 + 7 + 7*m + 3*m**2 + 3*m**2. Determine o(7).
7
Let v = -284 - -4262/15. Let s(j) be the third derivative of v*j**5 + 0*j + 0*j**4 + 0 + 6*j**2 + 0*j**3. What is s(-1)?
8
Let o = 5 + -2. Suppose -o*h = -7*h - 24. Let a(y) = -y**3 + y + 1. Let f(t) = -2*t**3 - 7*t**2 - 5*t + 6. Let c(v) = a(v) - f(v). Give c(h).
-5
Suppose 4 = 3*s + 5*c, -32 = -5*s + 2*s + 2*c. Let t be (-20)/s*(-3 - -1). Let j(a) = t - 3 + a - a + a. Determine j(2).
4
Let y(v) be the second derivative of v**4/12 + 5*v**3/6 + 5*v**2/2 - 33*v. Determine y(-5).
5
Let y(z) = 2*z + 5. Let u be y(-5). Let l(c) = -29*c + 5. Let m(a) = 48*a - 10. Let t(d) = -5*l(d) - 3*m(d). Give t(u).
0
Let q be (-116)/145 + 36/(-5). Let h(b) = -2*b - 13. Determine h(q).
3
Let w be (27/(-6))/(9/(-12)). Suppose -b + 3 + w = 0. Let a(m) = m - 16. Calculate a(b).
-7
Let a(u) = -u**3 + 8*u**2 - 7*u + 5. Suppose 0 = -3*r + 2 + 1. Let f(d) = 3*d**2 + d - 1. Let z be f(r). Suppose q = 2*c - 0*q - 9, -z*c - 4 = -5*q. Give a(c).
5
Let h(z) = z**3 + 5*z**2 + 3*z. Let i = -30 + 26. Let j be h(i). Let p(k) = -2 + k**2 - j - 6*k + 0. Determine p(6).
-6
Let j = -57 - -69. Let h be 1/(-1 - j/(-14)). Let q(u) = u**3 + 8*u**2 + 7*u - 7. Determine q(h).
-7
Let h(o) = -6*o**3 + 2*o**2 + 5. Let y(m) = -5*m**3 + 2*m**2 + 7. Let v(p) = -4*h(p) + 5*y(p). Calculate v(0).
15
Let o(r) = -2 + 775*r - 772*r + 0*r**2 + r**2. Suppose 0 = 3*d, 5*j + 2*d - 4*d + 10 = 0. What is o(j)?
-4
Let b be 16/12*(-3 - -6). Let x = b + -4. Let k(w) = -w**3 + w + 1. Let y(d) = -6*d**3 + d**2 + 5*d + 14. Let a(r) = -5*k(r) + y(r). Calculate a(x).
9
Suppose -5*f + 2 = -3*f. Let l(u) be the first derivative of -7*u**3/3 + u - 25. Determine l(f).
-6
Suppose 2*z = 1150 - 1136. Let y(t) = -t**2 + 9*t + 4. Determine y(z).
18
Let l(r) be the first derivative of -25 - 2*r - 7/2*r**2. Suppose 2*y + 1 = 5. Give l(y).
-16
Let o(a) = 25*a**2 - 16*a - 18. Let v(c) = 21*c**2 - 15*c - 17. Let s(m) = -5*o(m) + 6*v(m). What is s(11)?
-1
Let v(f) = -f**3 - 8*f**2 - 8*f - 4. Let b be (6/(-4) - -3)*-18. Let s = b + 29. Suppose -s*c + 5 = 19. Give v(c).
3
Let s be -7 + 4 + -2 + 34. Let c = s - 29. Let t(p) = -p**3 - p + 4. What is t(c)?
4
Let n = -220 + 225. Let p(y) = -2*y**2 + 5*y - 3. Calculate p(n).
-28
Let d(c) = -c - 10. Suppose 4*i - 32 = 3*x, 4*x = 3*i + 2*i - 41. Let g be d(x). Let b(w) = w**2 + 6*w - 3. Calculate b(g).
-3
Suppose -3*w + 17 = 8. Suppose 3*i - 4*n + 9 = -2*n, -3*n + 12 = -w*i. Let m(b) = 6*b. Determine m(i).
-6
Let f(d) = d**2 + 12*d. Let t be f(-13). Suppose -4*r - 4*m = 8, 0*r + t = -3*r + 4*m. Let h(k) = k**3 + 4*k**2 + k + 3. Give h(r).
9
Let j(f) = -25*f + 9. Let q(w) = -w + 2. Let m(b) = -j(b) + 4*q(b). Determine m(-1).
-22
Suppose o - 25 = -7*g + 12*g, 3*g + 4*o = 8. Let u(s) = -21*s + 8*s + 8*s. Determine u(g).
20
Let z(n) be the third derivative of -n**6/120 + n**5/10 - n**4/8 - n**3/3 + 122*n**2. Give z(3).
16
Let p(l) = -9*l**3. Let y = -50 + 78. Let q be 3*(2 - y/12). Calculate p(q).
9
Let d(h) = h**2 + h. Let u be d(-3). Let x(k) be the third derivative of -k**2 - 1/8*k**4 + 0*k + 7/6*k**3 + 9. What is x(u)?
-11
Suppose c + 39 = 4*k + 4*c, 0 = 2*k + 5*c - 23. Let l(z) = z**3 - 8*z**2 - 6*z - 20. What is l(k)?
7
Let h(k) = -2*k**3 - 14*k**2 - 25*k - 7. Let g be h(-4). Let i(l) = -l**3 + 9*l + 6. What is i(g)?
6
Let w(m) be the second derivative of m**4/12 - m**3/3 + 3*m**2/2 + 4*m. Suppose -6*d + 2*d + 20 = 0. Let o = d - 2. What is w(o)?
6
Let b(w) = -5*w + 4*w**3 - 3*w**3 - 1 + 0*w**3 - 5*w**2 - 3. Let l be 1/(-1) - (-8 + 1). Give b(l).
2
Suppose 0 = -s + 2*s. Suppose -3*i + 0*i - 27 = s. Let w(g) = g**2 + 9*g - 1. Let a be w(i). Let n(o) = -4*o**2 - 2*o - 1. Calculate n(a).
-3
Let q(z) = z**2 + 2*z - 2*z**2 - 319 + 321. Let c be ((-3)/4)/(1/4). Calculate q(c).
-13
Let f(u) = 4*u - 1 + 0 - u. Let s be 60/(-24)*16/20. Calculate f(s).
-7
Let k = 755 + -762. Let u(o) = -2*o**2 - 17*o - 12. Give u(k).
9
Let g(v) = 8*v + 12 - 18*v + 11*v. What is g(9)?
21
Let g(f) = -5*f**3 + f. Let n(t) = t + 10. Let x be n(-9). What is g(x)?
-4
Let f = -114 + 116. Let y(k) = 50*k - 97*k + 48*k - f - 2*k**2. Let t = 7 + -5. What is y(t)?
-8
Suppose -135 = -3*i + 6*i. Let x = -49 - i. Let n(a) be the first derivative of -a**4/4 - 2*a**3 - 2*a**2 + 2*a + 1. Give n(x).
-14
Let g(k) = 4*k + 4. Let s be g(1). Suppose 0*n + 4*n = s. Let j(y) = -y**3 + 12*y - 3*y**n + y**3 - 14*y + y**3. What is j(4)?
8
Let c(j) = 2*j**2 - 8*j + 3. Let l = 324 + -316. Give c(l).
67
Let p(a) = 5*a + 4. Suppose -2*l + 4 = -l, 2*z - 5*l = -180. Let n = -77 - z. Give p(n).
19
Let x(h) be the third derivative of h**5/30 + h**4/6 - h**2 - 92. Calculate x(-2).
0
Let i(o) be the first derivative of o**3/3 - 3*o**2 + o - 19. Calculate i(4).
-7
Let a(p) be the first derivative of -5*p**2/2 - 3*p - 109. Calculate a(-2).
7
Let z = 15 + -9. Let i(b) be the third derivative of b**6/120 - b**5/12 - b**4/4 + 5*b**3/6 + 21*b**2. What is i(z)?
5
Let g(v) = 6*v**2 - 1. Let f(q) = q**2 - 5*q + 1. Let u be f(5). Suppose -x = -18 + u. Let l = -18 + x. Determine g(l).
5
Let m(f) = 8*f**2 - 7*f - 3. Let k(v) = 3*v**2 - 3*v - 1. Let n(x) = 3*k(x) - m(x). What is n(7)?
35
Let t(p) = -6*p + 8. Let k be 380/(-65) + -1*(-4)/(-26). Let d(r) = 18*r - 23. Let w(u) = k*d(u) - 17*t(u). Give w(2).
-10
Let y(q) = q**2 - 12*q + 24. Let a be ((-40)/14)/((30/(-21))/5). What is y(a)?
4
Let l = 10 + -5. Let v(n) = 8*n**3 + 22*n**2 - 8*n - 13. Let s(r) = 7*r**3 + 18*r**2 - 6*r - 12. Let h(p) = -7*s(p) + 6*v(p). What is h(l)?
1
Let q = -27 - -34. Let j(v) = -v**3 + 6*v**2 + 7*v + 4. Let r be j(q). Let b(w) = -1. Let a(l) = l + 6. Let g(d) = -2*a(d) - 11*b(d). What is g(r)?
-9
Let h = 62 + -7. Let c = -55 + h. Let t(w) be the second derivative of -w**3/6 - 7*w**2 + w. Give t(c).
-14
Let c(l) = -2*l - 1. Let o(a) = -16*a - 12. Let t(i) = 7*c(i) - o(i). Calculate t(-6).
-7
Let m(a) = -a**3 - 5*a**2 - 5*a - 5. Let f be 4/(-6) - (21/9 + 1). Let h be m(f). Let q(w) = 9*w**2 - w**2 - 2*w + w. Determine q(h).
9
Suppose -5*q + 11 = -t, 0*q - 5 = t - 3*q. Let r be (-1 + (0 - -5))/2. Let u(m) = m**2 + 5*m + 1 - 2 - r*m**2 + 4. Give u(t).
7
Let w(m) = m**3 - 4*m**2 - 3*m + 6. Suppose 4*a - 7*a = -78. Let z = 13 - a. Let f be (-20)/70*(z - 1). What is w(f)?
-6
Let l be -20*(4 + (-85)/20). Let a(w) = -2*w**2 + 3*w + 6. Give a(l).
-29
Let r(d) = -d**2 + 5*d. Let t = -2 + 14. Suppose 2*i - t = -62. Let o be (-4)/16 - i/4. Calculate r(o).
-6
Let q be 94*(-3 - (-7)/2). Let z(k) = 29*k + 20*k - q*k + 2. Give z(-2).
-2
Let m = 43 + -85. Let u = -46 - m. Let t(o) = o**3 + 3*o**2 - 5*o - 1. What is t(u)?
3
Let b(z) = z**3 + 4*z**2 - 4*z - 3. Let o be (4 + 16/3)/((-1)/3). Let v = 24 + o. Give b(v).
13
Let d be (48/108*-6)/(4/(-6)). Let k(r) be the third derivative of -1/60*r**5 + 3*r**2 + 0 + 1/6*r**3 + 0*r + 1/12*r**d. Calculate k(-2).
-7
Let a(p) = p**2 - 5*p - 2. Let i(y) be the first derivative of -y**4/4 + 13*y**3/3 + 7*y**2 + 13*y - 1. Let d be i(14). Suppose -9*t = -d*t + 20. What is a(t)?
-2
Suppose -42*d = -36*d - 36. Let x(a) be the first derivative of -3 + 8*a - 1/2*a**2. Calculate x(d).
2
Let o(t) = -t**2 - 10*t - 20. Suppose 34*f = 20*f - 70. Calculate o(f).
5
Let i = 164 + -165. Let r(w) = -4*w**2 - w + 3. Let b(a) = -21*a**2 - 6*a + 16. Let q = -2 + -9. Let f(j) = q*r(j) + 2*b(j). Calculate f(i).
2
Let t(